*n - 5*r, -n + 5*r + y = 0. What is the remainder when 3 is divided by n?
0
Suppose -4*h - h + 2*f + 133 = 0, -f = -5*h + 129. What is the remainder when h is divided by 7?
4
Suppose z + 1 = -1. Let c = z - -2. Suppose c = 2*x - 14 - 2. Calculate the remainder when 15 is divided by x.
7
Let z(i) be the first derivative of -i**3/3 + 3*i**2/2 - i - 5. What is the remainder when 1 is divided by z(2)?
0
Let d(u) be the second derivative of -u**3/6 - u**2/2 - u. Let q be d(-2). Let p(k) = 11*k**3 + k - 1. What is the remainder when p(q) is divided by 6?
5
Let q(r) be the first derivative of -r**4 - r**3/3 + 3*r**2/2 + r + 3. Calculate the remainder when q(-2) is divided by 12.
11
Suppose -5*n - 39 = w - 215, 0 = -3*w - 2*n + 554. Calculate the remainder when w is divided by 21.
18
Suppose 4*p = 9*p + 25. Let n be (18/4)/(4/8). Let m = n + p. What is the remainder when 11 is divided by m?
3
Let k be 5/(-3)*(0 - 33). Let s = k - 35. Calculate the remainder when 59 is divided by s.
19
Suppose 2*f + 2*f - 5*a = 163, 0 = f + 2*a - 31. What is the remainder when f is divided by 8?
5
Let f(c) = c**2 - 5*c - 9. Let k be f(7). Suppose -k*z + z = 32. Let h = z - -20. Calculate the remainder when 34 is divided by h.
10
Let u = -129 - -137. What is the remainder when 3/(1 - 4/5) is divided by u?
7
Suppose 2*g + g = -4*c - 5, -3*g = 3*c + 3. Suppose 5*t + 15 = -4*l - 0*l, -10 = 2*l. What is the remainder when g is divided by t?
0
Suppose -2*u + 75 = 3*m - u, -3*m - 5*u + 87 = 0. What is the remainder when m is divided by 13?
11
Suppose f + 0 = 14. Calculate the remainder when 25 is divided by f.
11
Let p = 0 - -33. Calculate the remainder when p is divided by 12.
9
Suppose 0 = -2*r - t + 65, t + 161 = 5*r + 4*t. What is the remainder when r is divided by 9?
7
Let k(b) = 47*b**2 - b - 1. Let u(w) = w**2 + 7*w - 9. Let q be u(-8). Suppose 0*a + 80 = 5*a. What is the remainder when k(q) is divided by a?
15
Suppose 5*q - 4*b - 389 = 0, 2*q + 2*q + 2*b = 306. What is the remainder when q is divided by 16?
13
Calculate the remainder when ((-180)/(-70))/(1/7) is divided by 10.
8
Let f(h) = -h**2 + 9*h - 2. Suppose 2*u = 5*a - 32, 16 = 3*a + 4*u - 2*u. Let c be f(a). Let s = c + 3. What is the remainder when s is divided by 5?
4
Suppose -5*f + 2*l = -96, -4*l - 57 - 35 = -5*f. Let p(t) = t**2 + 2*t + 34. What is the remainder when p(-6) is divided by f?
18
Let d = 103 - 71. What is the remainder when 124 is divided by d?
28
Suppose -4*m + 24 = -m. What is the remainder when 79 is divided by m?
7
Suppose 4*b = 2*m - 58, -3*m - 5*b + 32 + 22 = 0. Calculate the remainder when m is divided by (-2)/12 + (-98)/(-12).
7
Let u = -1 - -4. Suppose -k - u*k = 0. Calculate the remainder when (44 - k)*1/2 is divided by 12.
10
Let w(d) be the third derivative of d**5/60 - d**4/24 + 4*d**3/3 + d**2. Let v = -8 - -18. What is the remainder when w(5) is divided by v?
8
Let o = 0 - -2. Let w be o/9 - 66/54. What is the remainder when (15/(-3))/(w/7) is divided by 12?
11
Suppose 0 = -2*h - 0*i + i + 194, -5*h + 4*i = -485. What is the remainder when h is divided by 25?
22
Suppose -5*k + 160 = -25. What is the remainder when 147 is divided by k?
36
Suppose -5*s + 163 = -j, s + 2*j - 103 = -2*s. Let i be s - 4 - (1 - 1). Suppose 5*z - 51 - i = 0. Calculate the remainder when 47 is divided by z.
15
Let v be 17 - (-1)/((-3)/6). Suppose -4*i - i = -v. Suppose -p = i*p - 40. Calculate the remainder when 19 is divided by p.
9
Suppose -144 + 56 = -8*h. What is the remainder when 38 is divided by h?
5
Suppose 0*o - 4*o = 0. Suppose 4*y + 2*t - 26 = -3*t, 3*y - t - 10 = o. Calculate the remainder when y is divided by 2.
0
Suppose 9 = 4*g + a, -6*g + 3 = -4*g + a. Calculate the remainder when 17 is divided by g.
2
Let x = 1 - -7. Suppose 0 = -4*y - 3*u - 6, 6*u - 2*u = 3*y - x. Suppose -16 = -6*c + 3*c + z, y = 3*z - 6. Calculate the remainder when 16 is divided by c.
4
Let q(r) = -2*r + 6. Let o be q(9). Calculate the remainder when 71 is divided by -3 + o/(-3) - -17.
17
Suppose -5*d = 27 + 8. Let z be (-26)/d + (-4)/(-14). Let v = z + 3. What is the remainder when v is divided by 4?
3
Suppose -2*k - 20 = 3*w, 2*w - 4*k + 12 = -5*k. Let j = 1 - w. Suppose -34 = -2*n + c, 2*n - j*n + c = -50. What is the remainder when 46 is divided by n?
14
Let f = 21 - 9. What is the remainder when 21 is divided by f?
9
Let n(k) = -2*k + 2. Let m(t) = t**3 - 4*t**2 + 2*t + 1. Let w be m(3). What is the remainder when n(-3) is divided by w/(-1) + 6 + -3?
3
Suppose 18 = 2*k - 22. Suppose 0*s - 292 = -4*h - 4*s, s = -5. What is the remainder when h is divided by k?
18
Let t = 111 + 2. Calculate the remainder when t is divided by 38.
37
Suppose -3*g + 33 = v + 3*v, 5*v + 90 = 5*g. Calculate the remainder when 27 is divided by g.
12
Let s be -1*(0/(-1))/1. Let z(d) = -5 + 1 - 8*d + 6*d + s. Calculate the remainder when 21 is divided by z(-6).
5
Let w(y) = 3 + 3*y + 3*y - 6*y - 3*y. Calculate the remainder when w(-8) is divided by 14.
13
Let h(w) = -7*w - 5. Suppose -23 - 7 = 5*n. What is the remainder when h(n) is divided by 19?
18
Suppose 5*b + 17 = 5*i + 4*b, -3*b - 21 = -5*i. Calculate the remainder when 12 is divided by i.
0
Let n(h) = -h**2 + 10*h - 2. Suppose 4 = -o - 3*c, 3*o + 12 = c + 40. What is the remainder when 39 is divided by n(o)?
11
Let b be 4*-2*(-2)/(-4). Calculate the remainder when 39 is divided by 1 + ((-64)/b - -3).
19
Suppose -5*l - 31 = -3*b, -4*b = 7*l - 3*l - 84. What is the remainder when 30 is divided by b?
13
Let s(i) = -8*i - 5 - 1 + 4. Let a(x) = -x**2 - 5*x + 5. What is the remainder when s(-2) is divided by a(-5)?
4
Let z be 3*3/(9/(-6)). Let t be z/21 - (-32)/14. Let m = t + 4. What is the remainder when 17 is divided by m?
5
Calculate the remainder when 17 is divided by (-25)/2*36/(-45).
7
Let d be 18/22 - 2/(-11). Calculate the remainder when 0 + d - (-63)/3 is divided by 12.
10
Suppose -4*c + 2*h = -218, 0 = -5*c - 5*h - 0*h + 250. Calculate the remainder when c is divided by 14.
11
What is the remainder when 4/2*(-131)/(-2) is divided by 33?
32
Let b(l) = -3*l - 1. Suppose -5*v = 15 + 10. Calculate the remainder when (-80)/(-3) - 8/12 is divided by b(v).
12
Let q(k) = k**2 + 3*k - 13. Calculate the remainder when q(5) is divided by 4.
3
Let d = 10 + 4. Calculate the remainder when d is divided by 4.
2
Suppose -17 = -m + 4*p, -3*p + 4 + 2 = 3*m. Calculate the remainder when 14 is divided by m.
4
Let s = 14 + -24. Suppose 2*j + 0*j - 16 = 0. Calculate the remainder when j is divided by ((-6)/4)/(3/s).
3
Suppose h - 4 = -3*h. What is the remainder when (99/(-18))/(h/(-14)) is divided by 20?
17
Suppose c = -0*c + 20. Suppose 3*l - 4*l = 4*v - c, 2*l + 12 = 5*v. Suppose -80 = -v*i - 0*i. Calculate the remainder when i is divided by 7.
6
Suppose -2*b - 6*f + 3*f = -34, -4*f + 12 = b. Calculate the remainder when 58 is divided by b.
18
Let y(n) = 10*n**2 - 3*n - 6. Let f(q) = 9*q**2 - 2*q - 5. Let k(v) = 5*f(v) - 4*y(v). What is the remainder when k(2) is divided by 7 - (0/(-1) - 1)?
7
What is the remainder when (-56)/(-2) - (9 + -8) is divided by 16/12*(-21)/(-2)?
13
Suppose 0 = 3*m - 0*m. Suppose -13*d + 11*d + 28 = m. What is the remainder when 53 is divided by d?
11
Suppose 0*d = 3*d - 3*g - 342, 2*d - 224 = g. Let o = d + -7. What is the remainder when o is divided by 26?
25
Suppose -f + 0*f + 13 = 0. Calculate the remainder when 49 is divided by f.
10
Suppose 2*g = -4*z + 100, 5*g + 86 = 2*z + 2*z. Calculate the remainder when 98 is divided by (-99)/(-4) - (-6)/z.
23
Let h(s) = -4 - s - s + s - s. What is the remainder when 10 is divided by h(-5)?
4
Let c = -106 - -134. Calculate the remainder when c is divided by 11.
6
Suppose 0 = 3*j - j - 34. Calculate the remainder when 31 is divided by j.
14
Let c(r) = -r**2 + 6*r + 4. Calculate the remainder when ((-2)/(-6))/((-2)/(1*-156)) is divided by c(5).
8
Suppose 41 = 3*v + 4*y, 3*y + 0*y + 18 = v. Let k = -5 - 1. Calculate the remainder when 260/6 + 2/k is divided by v.
13
Let g = -13 - 3. Let u = -13 - g. What is the remainder when 13 is divided by u?
1
Let q = -8 + 14. Calculate the remainder when 15 is divided by q.
3
Suppose 2*b - 59 + 18 = 5*x, 20 = -4*x. Calculate the remainder when 23 is divided by b.
7
Let q(o) = -o**2 -